Calculate the remainder when 233 is divided by 80.
73
Calculate the remainder when 9758 is divided by 122.
120
Calculate the remainder when 3933 is divided by 16.
13
What is the remainder when 4114 is divided by 49?
47
Calculate the remainder when 664 is divided by 27.
16
What is the remainder when 610 is divided by 152?
2
What is the remainder when 880 is divided by 9?
7
What is the remainder when 1579 is divided by 226?
223
Calculate the remainder when 175 is divided by 39.
19
What is the remainder when 742 is divided by 124?
122
What is the remainder when 193 is divided by 51?
40
Calculate the remainder when 2276 is divided by 90.
26
Calculate the remainder when 717 is divided by 351.
15
What is the remainder when 158 is divided by 16?
14
Calculate the remainder when 169 is divided by 44.
37
What is the remainder when 1093 is divided by 140?
113
Calculate the remainder when 2638 is divided by 15.
13
What is the remainder when 17 is divided by 4?
1
Calculate the remainder when 5738 is divided by 14.
12
What is the remainder when 47 is divided by 4?
3
What is the remainder when 527 is divided by 47?
10
What is the remainder when 237 is divided by 46?
7
Calculate the remainder when 2848 is divided by 239.
219
Calculate the remainder when 47 is divided by 12.
11
Calculate the remainder when 231 is divided by 106.
19
What is the remainder when 1405 is divided by 465?
10
What is the remainder when 87 is divided by 23?
18
Calculate the remainder when 2755 is divided by 347.
326
Calculate the remainder when 713 is divided by 11.
9
Calculate the remainder when 3359 is divided by 28.
27
Calculate the remainder when 606 is divided by 8.
6
What is the remainder when 3507 is divided by 90?
87
Calculate the remainder when 961 is divided by 37.
36
What is the remainder when 4817 is divided by 2408?
1
What is the remainder when 1423 is divided by 35?
23
Calculate the remainder when 294 is divided by 22.
8
Calculate the remainder when 1630 is divided by 9.
1
Calculate the remainder when 68 is divided by 44.
24
What is the remainder when 768 is divided by 190?
8
What is the remainder when 305 is divided by 29?
15
What is the remainder when 715 is divided by 28?
15
Calculate the remainder when 46 is divided by 9.
1
What is the remainder when 48 is divided by 36?
12
Calculate the remainder when 1131 is divided by 1099.
32
Calculate the remainder when 228 is divided by 18.
12
Calculate the remainder when 946 is divided by 445.
56
Calculate the remainder when 232 is divided by 59.
55
Calculate the remainder when 574 is divided by 33.
13
What is the remainder when 701 is divided by 32?
29
What is the remainder when 365 is divided by 108?
41
What is the remainder when 1725 is divided by 87?
72
What is the remainder when 26 is divided by 17?
9
Calculate the remainder when 478 is divided by 126.
100
Calculate the remainder when 825 is divided by 89.
24
What is the remainder when 63 is divided by 19?
6
Calculate the remainder when 795 is divided by 88.
3
Calculate the remainder when 6509 is divided by 35.
34
What is the remainder when 882 is divided by 71?
30
What is the remainder when 265 is divided by 16?
9
Calculate the remainder when 6261 is divided by 32.
21
Calculate the remainder when 1140 is divided by 232.
212
What is the remainder when 2039 is divided by 12?
11
What is the remainder when 545 is divided by 39?
38
What is the remainder when 279 is divided by 47?
44
Calculate the remainder when 891 is divided by 60.
51
Calculate the remainder when 805 is divided by 30.
25
Calculate the remainder when 796 is divided by 16.
12
Calculate the remainder when 457 is divided by 52.
41
Calculate the remainder when 14341 is divided by 21.
19
Calculate the remainder when 431 is divided by 90.
71
What is the remainder when 1482 is divided by 479?
45
What is the remainder when 160 is divided by 86?
74
Calculate the remainder when 1363 is divided by 21.
19
Calculate the remainder when 298 is divided by 95.
13
Calculate the remainder when 2308 is divided by 14.
12
Calculate the remainder when 207 is divided by 71.
65
What is the remainder when 1889 is divided by 44?
41
Calculate the remainder when 1629 is divided by 102.
99
What is the remainder when 700 is divided by 117?
115
Calculate the remainder when 106 is divided by 38.
30
Calculate the remainder when 67 is divided by 19.
10
Calculate the remainder when 478 is divided by 87.
43
What is the remainder when 1098 is divided by 303?
189
Calculate the remainder when 492 is divided by 149.
45
What is the remainder when 520 is divided by 18?
16
Calculate the remainder when 3035 is divided by 62.
59
Calculate the remainder when 331 is divided by 57.
46
What is the remainder when 503 is divided by 42?
41
What is the remainder when 1158 is divided by 43?
40
What is the remainder when 388 is divided by 17?
14
What is the remainder when 277 is divided by 9?
7
Calculate the remainder when 153 is divided by 34.
17
Calculate the remainder when 366 is divided by 24.
6
What is the remainder when 12229 is divided by 453?
451
Calculate the remainder when 163 is divided by 46.
25
Calculate the remainder when 396 is divided by 16.
12
Calculate the remainder when 10962 is divided by 129.
126
Calculate the remainder when 277 is divided by 77.
46
Calculate the remainder when 288 is divided by 29.
27
What is the remainder when 801 is divided by 76?
41
Calculate the remainder when 118 is divided by 33.
19
What is the remainder when 88 is divided by 9?
7
What is the remainder when 179 is divided by 31?
24
What is the remainder when 68 is divided by 8?
4
What is the remainder when 223 is divided by 16?
15
Calculate the remainder when 107 is divided by 14.
9
What is the remainder when 430 is divided by 414?
16
What is the remainder when 178 is divided by 75?
28
Calculate the remainder when 789 is divided by 44.
41
Calculate the remainder when 4229 is divided by 30.
29
Calculate the remainder when 160 is divided by 136.
24
Calculate the remainder when 338 is divided by 68.
66
What is the remainder when 575 is divided by 119?
99
What is the remainder when 1115 is divided by 335?
110
Calculate the remainder when 381 is divided by 48.
45
What is the remainder when 3554 is divided by 18?
8
What is the remainder when 70 is divided by 12?
10
Calculate the remainder when 309 is divided by 39.
36
Calculate the remainder when 3799 is divided by 112.
103
Calculate the remainder when 272 is divided by 13.
12
Calculate the remainder when 3522 is divided by 28.
22
What is the remainder when 778 is divided by 71?
68
What is the remainder when 7199 is divided by 180?
179
What is the remainder when 418 is divided by 124?
46
Calculate the remainder when 102 is divided by 33.
3
Calculate the remainder when 4956 is divided by 87.
84
What is the remainder when 1095 is divided by 10?
5
Calculate the remainder when 579 is divided by 190.
9
What is the remainder when 11 is divided by 11?
0
Calculate the remainder when 1164 is divided by 129.
3
What is the remainder when 1287 is divided by 192?
135
Calculate the remainder when 138 is divided by 26.
8
Calculate the remainder when 39 is divided by 17.
5
Calculate the remainder when 408 is divided by 136.
0
What is the remainder when 1138 is divided by 95?
93
Calculate the remainder when 539 is divided by 135.
134
What is the remainder when 174 is divided by 59?
56
What is the remainder when 37995 is divided by 236?
235
What is the remainder when 558 is divided by 35?
33
What is the remainder when 1616 is divided by 73?
10
Calculate the remainder when 216 is divided by 20.
16
What is the remainder when 78 is divided by 35?
8
What is the remainder when 6673 is divided by 71?
70
What is the remainder when 419 is divided by 135?
14
What is the remainder when 259 is divided by 53?
47
What is the remainder when 239 is divided by 218?
21
What is the remainder when 1636 is divided by 164?
160
What is the remainder when 141 is divided by 24?
21
Calculate the remainder when 737 is divided by 123.
122
Calculate the remainder when 27 is divided by 10.
7
What is the remainder when 277 is divided by 131?
15
What is the remainder when 353 is divided by 119?
115
Calculate the remainder when 524 is divided by 21.
20
What is the remain